f y and 9.
9
Suppose r + 21 = 2*r - 4*b, 21 = 2*r - b. Suppose 4*m - 199 - 145 = -5*t, -5*t = -20. What is the greatest common divisor of m and r?
9
Suppose -4*p = p - 150. Suppose 3*d - p = -2*d. Let k(v) = 12*v. Let i be k(4). What is the greatest common divisor of d and i?
6
Suppose 2*f - 20 = 30. What is the greatest common divisor of 175 and f?
25
Let n be (-2)/(-6) + (-59)/(-3). Let f be ((-2)/3)/(2/(-12)). Let w be (-2 + 1*f)*1. What is the highest common factor of w and n?
2
Let h(x) = x + 4. Let a be h(-4). Suppose a*n + 9 = n. Calculate the highest common factor of n and 3.
3
Let l = -259 + 394. Suppose 3*g = -2*g + l. Let v(m) = -m**3 - 2*m - 3. Let i be v(-2). What is the greatest common divisor of g and i?
9
Let j(c) = 5*c**2 + c - 3. Let o be j(-4). Let f = -32 - -54. Let a = o - f. What is the highest common divisor of 17 and a?
17
Suppose -5*n - 5 - 12 = 2*y, 10 = -5*n + 5*y. Let s = n + 2. Let a be (-14)/(-4) + s/(-2). What is the highest common factor of 12 and a?
4
Suppose 122 = 5*i + z, 0 = i - 2*z + z - 22. What is the highest common factor of 192 and i?
24
Let a(b) = -b**2 + 21*b + 23. Let y be a(18). What is the highest common factor of 7 and y?
7
Let i = 14 - -1. Let g = -123 + 243. Calculate the greatest common factor of i and g.
15
Suppose 7*x - 136 - 18 = 0. What is the highest common factor of 77 and x?
11
Let p(s) = -10*s - 1. Let v(m) = 9*m + 2. Let f(w) = -6*p(w) - 7*v(w). Let q be f(-7). Calculate the highest common divisor of 78 and q.
13
Suppose -6*i = -602 - 118. What is the greatest common divisor of 24 and i?
24
Suppose 0 = -i + 43 - 25. Suppose 0 = -3*h + 7*h - 36. Calculate the highest common divisor of i and h.
9
Suppose 0 = 2*v + 5*v - 700. What is the greatest common factor of 25 and v?
25
Let z = 174 - 114. What is the highest common divisor of 80 and z?
20
Let z(u) = 2*u**2 + 5*u + 6. Let n be z(-4). Calculate the highest common divisor of n and 18.
18
Let y(m) = 5 + 4*m**2 - 2 - 2*m + 2*m + 4*m. Let q be y(-2). Calculate the highest common divisor of q and 44.
11
Let u = 4 + -9. Let j = u - 5. Let y(v) = -v**3 - 9*v**2 + 3*v - 14. Let k be y(j). Calculate the highest common factor of k and 8.
8
Let p(x) = -x**2 - 16*x - 28. Let h be p(-12). What is the greatest common divisor of 8 and h?
4
Let t(u) = -5*u + 4. Let i be t(-3). Let o be (-1056)/(-28) - (4 + 60/(-14)). What is the highest common factor of i and o?
19
Let g(f) = -13*f**2 - 2*f + 5. Let x be g(4). Let c = x + 321. Suppose -b = 5*r - 49, -2*b - 29 = -3*r + 3. What is the greatest common factor of c and r?
10
Let l(j) = 10*j**2 + 4*j**2 - 16*j + 16*j. Let r be l(2). Let c be ((-14)/4)/(2/(-4)). What is the highest common factor of r and c?
7
Suppose 0 = 4*d - 3 - 21. Let m(k) = k + 42. Let i(a) = a**2 + 3*a + 2. Let r be i(-2). Let s be m(r). Calculate the highest common factor of d and s.
6
Let l(g) = g**2 - 8*g - 1. Let w be l(9). Let v = 14 - w. What is the highest common divisor of 4 and v?
2
Let i be (-80)/(-14) + 2/7. Let q(a) = -a**3 + 6*a**2 + 5*a - 2. Let b be q(i). Let o be 0 + b - (-4 + 4). What is the greatest common factor of o and 14?
14
Suppose -u - c - 19 = -5*c, 5*u = -5*c + 30. What is the greatest common factor of u and 8?
1
Let b be 6/(-27)*-6*3. Suppose 2*u + 3*g = 34, 0*g + 8 = -b*g. Calculate the highest common divisor of u and 5.
5
Let w be (18/24)/1 - (-90)/8. What is the highest common divisor of w and 42?
6
Suppose -4*m - j + 882 = 0, 0 = 2*m - 3*j - j - 432. What is the highest common divisor of m and 20?
20
Let t(y) = -20*y**3 + 1 - 10*y**3 + 4*y - 6*y + 5*y**3 - 4*y**2. Let v be t(-2). Calculate the greatest common factor of v and 21.
21
Let x = 109 + -73. What is the highest common divisor of 12 and x?
12
Let o be 6/(-4)*30/(-9). Suppose o*f = -1 + 6. Let t(x) = 13*x + 1. Let v be t(f). What is the greatest common divisor of v and 7?
7
Suppose 5*z = -5*b - 34125, 13662 = -4*z + 2*z + 2*b. Let q be 2/(-9) - z/108. What is the highest common factor of q and 42?
21
Let n be ((-13)/(-6) - 2) + (-1790)/(-60). Calculate the highest common divisor of 120 and n.
30
Let k(g) = -2*g**3 + 5*g**2 + 2*g + 2. Let b be k(-5). Let q = b + -191. Let z = 18 - 2. What is the highest common divisor of q and z?
16
Let j = -9 + 14. Suppose -j*l = -9*l + 8. What is the highest common factor of l and 8?
2
Suppose -15*m + 11*m = -20. What is the highest common divisor of 25 and m?
5
Let k be (-1)/6 + (-1142)/(-12). Calculate the greatest common factor of k and 38.
19
Let i be ((-288)/(-14))/((-4)/(-28)). Let o(w) = 3*w**2 + 4. Let u be o(-2). What is the greatest common factor of u and i?
16
Suppose -5*f = -1439 + 399. Calculate the highest common factor of 26 and f.
26
Let t = 3 - 5. Let m be (42/4)/(-7)*t. Suppose -4*q + 3*q = n - 209, -m*n + 627 = -q. What is the greatest common divisor of n and 19?
19
Let p = -478 + 494. Suppose q + 144 = 4*q. Calculate the greatest common factor of p and q.
16
Suppose 0*l - 2*l + 10 = 0. Suppose -5*x - 134 = -0*u - 4*u, l*u - 184 = -2*x. Let h be 1/2*(-1 + 37). Calculate the greatest common divisor of h and u.
18
Let r(d) = 8*d**2 + d + 2. Let k be r(2). Let f be (k/14)/(2/28). Suppose 0 = w + 18 - 42. Calculate the highest common divisor of f and w.
12
Suppose 2*d + 5*q - 230 = 0, 4*d + 3*q + 13 = 459. Let u = 22 - 12. Calculate the highest common divisor of d and u.
10
Suppose h - 5*u + 47 = 4*h, 5*h - 57 = -3*u. Let n be 4/(-12) + 140/15. What is the greatest common factor of h and n?
9
Suppose 0 = -5*b, -17 = -g - 2*b + 3*b. Let x = 52 + -35. Calculate the greatest common factor of x and g.
17
Let f be ((-39)/(-2))/((-3)/(-4)). Calculate the greatest common divisor of f and 13.
13
Suppose -2*c - 2*t + 12 = 2, -4*c + 2 = -2*t. Let d = -46 + 71. Suppose 2*n - 3*n + d = c*s, 5*s - n = 52. Calculate the greatest common divisor of 1 and s.
1
Let n(a) = a**3 - 2*a**2 - a - 4. Let t be n(3). Let r = 4 - 1. What is the highest common divisor of t and r?
1
Suppose -n = 5*y - 1338, 3*y + n - 816 = -4*n. Let r = y + -141. Let o(p) = -5*p - 1. Let w be o(-3). What is the greatest common divisor of r and w?
14
Let o(p) = -3*p - 3*p - 4*p - 2. Let i be o(-1). What is the highest common divisor of i and 40?
8
Suppose x - 4 = 4. Suppose 4 = 3*d - v - 9, -4*d - v + x = 0. Let c = 14 - 11. Calculate the highest common factor of c and d.
3
Suppose -c + 4 = -1. Let w(d) = 4*d**2 + 1 + d + 1 + c*d. Let x be w(-4). What is the greatest common divisor of x and 28?
14
Let i(s) = 4*s**2 - 3*s. Let n be i(-3). Calculate the greatest common factor of n and 15.
15
Suppose 8 = -2*w, -5*h + 2*w = 71 - 9. Let c = 40 + h. Calculate the highest common factor of c and 52.
26
Let k be (10/8)/((-11)/(-44)). What is the greatest common factor of k and 95?
5
Suppose -19 = -5*q - 2*j, -4*q + 6*q = -5*j + 16. Suppose q*i + i - 120 = 0. What is the highest common divisor of 270 and i?
30
Suppose 2*x + 2*x + o = 14, -4*o = 2*x - 14. What is the highest common factor of 15 and x?
3
Let l be ((-16)/(-6))/(4/24). Suppose i = 23 + 17. What is the greatest common divisor of i and l?
8
Let h = -3 + 7. Suppose 0*j + h = 2*j. Let t be 1 + (j - 0 - -10). Calculate the greatest common divisor of 143 and t.
13
Let x be 8*(7/(-2))/(-7). Let j be (1/2)/((-2)/(-48)). Calculate the greatest common factor of j and x.
4
Let t = -51 - -121. What is the highest common factor of 28 and t?
14
Let d be 5 + (-6)/(-3) + -4. Suppose 2*r = v + 130, d*r + r = -4*v + 260. Calculate the highest common factor of 13 and r.
13
Let g(d) = d**3 - 17*d**2 - 2*d - 5. Let i be g(17). Let s = 231 + -159. Let j = i + s. Calculate the highest common factor of 11 and j.
11
Let k = 4 - -6. Let j = -3 - -9. Let h be j/2 + 23 - 1. Calculate the highest common divisor of k and h.
5
Let s(i) = -16*i + 7. Let a(h) = 16*h - 6. Let u(f) = 5*a(f) + 6*s(f). Let d be u(-8). What is the greatest common factor of d and 28?
28
Let z(a) = 7*a**2 - 2*a - 2. Let i be z(2). Let w(m) = 3*m**2 + 3*m - 5. Let s be w(4). Calculate the greatest common divisor of s and i.
11
Suppose 0 = 2*a - 0*a + j - 42, 5*a + 3*j - 104 = 0. What is the greatest common factor of a and 44?
22
Let k be -33*-1*6/9. Suppose -5*p + 20 = 4*r, 4*p - 7 - 9 = 4*r. Suppose r = 3*f - 3*o - 7 + 1, f + 4*o = 2. Calcula